 factor of a and 105?
21
Let h(v) = 18*v - 868. Let k be h(49). Suppose -149 - 159 = -2*b. What is the highest common factor of b and k?
14
Suppose 275 = 8*v + 67. Calculate the highest common divisor of v and 8.
2
Let x = -13 - -6. Let q = x - -16. Let b = -2 + q. Calculate the greatest common factor of 7 and b.
7
Suppose 22*o = 19734 + 6116. Calculate the highest common factor of 141 and o.
47
Let s be (1 + (-3)/2)*-36. Suppose -3*l + 153 - 18 = 0. What is the highest common divisor of l and s?
9
Let w = -8 - -19. Let a(d) = -d**3 - 39*d**2 - 34*d + 207. Let q be a(-38). What is the highest common divisor of q and w?
11
Let c be 12/(-168) - 15094/(-28). Calculate the greatest common divisor of 245 and c.
49
Suppose -94 = 6*y + 32. Let j be ((-28)/y)/((-4)/(-9)). Suppose -3*k = 5*n - 8, -j*n + 3*k = -n - 20. What is the greatest common divisor of n and 10?
2
Suppose 3*p = -4*l + 540 - 33, -5*l + 631 = p. Calculate the greatest common factor of 35 and l.
7
Suppose -2*j = -v - 1 - 1, 4 = v + j. Suppose -y + 31 = 5*w, 3*w - 5 = 2*y - v. Suppose 8*u = y*u + 400. What is the highest common factor of 25 and u?
25
Let a(u) = 3*u - 4. Let w(r) = -r - 15. Let z be w(-19). Let c be a(z). What is the greatest common divisor of c and 72?
8
Let f = 278 + -75. What is the highest common divisor of f and 58?
29
Let p(o) = 2*o - 16. Let b be p(10). Suppose -4*u - 68 = -r - 328, b*u - 5*r = 276. What is the greatest common divisor of u and 4?
4
Suppose -3 = 5*b - 8*b. Suppose -5 = -u - b. Calculate the highest common factor of 16 and u.
4
Let a(z) = 45*z + 1031. Let w be a(-20). What is the highest common divisor of w and 3?
1
Let g = -25 - -27. Suppose 2*o - 4*d = 44, -g*o - 2*o + 5*d + 103 = 0. Calculate the greatest common divisor of 24 and o.
8
Suppose w - 5 = -0*w. Let p(o) = -40*o + 15. Let t be p(-1). What is the highest common factor of t and w?
5
Suppose 2*h = -4*y + 5*h + 57, 5*h = y - 10. What is the greatest common divisor of 465 and y?
15
Suppose -4*h - 49 = 3*h. Let w = 39 + h. What is the highest common factor of 80 and w?
16
Let r = 74 - 37. Suppose 48*a - 49*a = -1, -367 = -2*c + 3*a. Calculate the greatest common divisor of c and r.
37
Let d be (-56)/(140/(-10)) + (1 - -2244). What is the highest common divisor of d and 13?
13
Suppose -2*t + 126 = 4*t. Let d(l) = -2*l + 52. Let c be d(t). What is the highest common factor of c and 290?
10
Suppose -4*l = -4*f, 19 = 5*f - l + 3. Suppose x + 26 = 5*t + 3*x, 2*x = t + 2. What is the greatest common factor of f and t?
4
Let g be ((-2)/(-3))/(2/144). What is the greatest common factor of g and 120?
24
Suppose 0 = -23*r + 3890 - 578. Let d(c) = -c**3 - c**2 - 1. Let s be d(-2). Suppose 22 = -s*f + 70. Calculate the highest common factor of f and r.
16
Let f be (10 + -1)/(10/40). Let i = 78 - f. What is the greatest common divisor of 70 and i?
14
Let j be 1 + (-11)/(55/(-50)). Suppose 0 = -j*b + 7*b + 52. What is the greatest common divisor of 39 and b?
13
Let i = -1744 - -3200. Suppose 5*m - 19*m = -i. What is the greatest common divisor of 13 and m?
13
Suppose 0 = -3*v - 3*w + 1113, -8*v + 13*v - 3*w - 1879 = 0. What is the greatest common factor of 88 and v?
22
Suppose 4*h + 8 = 0, 10 = 2*y - 0*y + h. What is the greatest common factor of 126 and y?
6
Let n = -60 + 133. Suppose 3*y - 95 = n. Suppose 9*i - 40 = 4*i. What is the greatest common factor of i and y?
8
Let m be (-28)/140 - 828/(-15). What is the greatest common factor of 65 and m?
5
Let w be 98/245 + (-1)/(5/(-103)). What is the greatest common divisor of 21 and w?
21
Let v = 1165 - 671. Calculate the highest common divisor of 52 and v.
26
Suppose -487*x = -458*x - 4176. What is the highest common factor of x and 36?
36
Suppose -211*g + 204*g + 182 = 0. What is the highest common divisor of 6 and g?
2
Suppose -7 = 5*h + 73. Let a be (-592)/h + -2*2/4. Let t(m) = -395*m + 1. Let q be t(-1). Calculate the highest common divisor of q and a.
36
Let n = 296 + -166. Calculate the highest common divisor of 140 and n.
10
Let n be 2/(((-66)/(-609))/11). Calculate the greatest common divisor of 56 and n.
7
Let r = 262 + -241. What is the greatest common factor of r and 231?
21
Let i = -176 + 232. Calculate the highest common factor of i and 448.
56
Let d be 88/(-10) + (-3)/15. Let o = 35 + d. Suppose x - o = -2*m + 6*x, -m = -3*x - 12. Calculate the highest common divisor of 9 and m.
9
Let i be (-12)/7*51/34*-7. What is the highest common factor of 78 and i?
6
Let h be 1*(-1 - (-4)/2). Let o be (h - 2) + 6/2. Suppose -d = 2*d - 6. Calculate the greatest common divisor of d and o.
2
Let a = 74 + -48. Suppose 3*y = 3*n + 54, 9*n + 51 = 2*y + 4*n. Calculate the highest common factor of a and y.
13
Let k = -1552 + 3150. Calculate the highest common divisor of k and 94.
94
Suppose -4*i + 38 = 2*v - 12, -3*i = 2*v - 45. What is the highest common factor of 465 and v?
15
Suppose -i + 6*i = 2*c + 31, 2*i - 30 = 3*c. Let q(p) = p**2 + 8*p + 7. Let x be q(c). Calculate the greatest common divisor of 35 and x.
7
Let l be (-54)/(-10) + (-6)/30*2. Let t be l/1*((-33)/(-15) + 3). What is the highest common factor of t and 286?
26
Let v(d) = d**2 + 15*d - 2. Let p be v(-15). Let j be p*((1 - 12) + -2). Calculate the highest common factor of j and 39.
13
Let y be ((-16)/10)/(((-85)/(-100))/(-17)). Calculate the highest common divisor of 8 and y.
8
Suppose 379 - 93 = 26*g. Let f(k) = -k**3 + 6*k**2 - 5*k + 6. Let p be f(5). Let j = 17 - p. What is the greatest common divisor of g and j?
11
Let f(b) = 19*b**3 + b**3 - 3*b**3 + 7*b**3. Let x be f(1). Calculate the greatest common divisor of x and 16.
8
Suppose 4*v - 9 = 11. Let p(l) = -2*l**3 - 3*l**2 + 12*l + 13. Let y be p(-4). Calculate the highest common factor of y and v.
5
Let k = 65 + -9. Let j = 34 + -28. Let v be 14/5*((-105)/j)/(-7). Calculate the highest common divisor of k and v.
7
Let v = 2115 - 555. Calculate the highest common divisor of v and 40.
40
Suppose -11*v + 116 = -16. What is the greatest common divisor of v and 516?
12
Let r = -19 + 22. Suppose -k = r*f + 9, 4*k - 2*f - 3 = 3. Suppose k = -4*i + 2*s + 58, 2*i + i - 3*s = 48. What is the greatest common factor of 65 and i?
13
Suppose -2*t = 2*t + 11200. Let m be (-6)/(-39) + t/(-52). Calculate the greatest common divisor of 135 and m.
27
Let z(x) = -32*x + 5. Let g be z(2). Let y = -30 - g. What is the greatest common factor of y and 261?
29
Let u be 1 - 6 - (-91)/(-39)*-3. Suppose h - 3 = -4*i, 0 = 4*i + h - 6*h - 9. What is the highest common divisor of u and i?
1
Let a be (25 + 11)*26/6. Suppose -3*m + 290 = -22. What is the greatest common divisor of m and a?
52
Let g = 8 + -6. Let c(s) = 2*s**2 - 3*s + 1. Let o be c(g). Let y be 29 - (o + -2)/1. Calculate the greatest common divisor of y and 42.
14
Suppose -5*f = a - f + 2, 0 = a - 3*f - 12. Suppose -a*g + 20 = -70. What is the greatest common factor of 165 and g?
15
Let d(f) = -2*f - 2. Let a be d(-3). Suppose 0*o + a = 2*o. Let h be (-54)/((-2)/4*o). What is the greatest common divisor of h and 18?
18
Let s(b) = -76*b**2 - 2*b - 1. Let p be s(-1). Let c = p + 117. Suppose 14 = -0*o + o. Calculate the greatest common factor of c and o.
14
Let z(t) = -12*t - 136. Let w be z(-28). What is the highest common factor of 75 and w?
25
Let o = -20 + 33. Suppose 0 = 20*r + 75*r - 2470. What is the greatest common divisor of o and r?
13
Let g(a) = 6*a + 48. Let k be g(7). Let c be -1 + (-2 + 10 - -3). Calculate the highest common divisor of k and c.
10
Suppose 212 = 14*z - 460. Calculate the greatest common divisor of 300 and z.
12
Suppose -107 - 333 = -10*p. Let h(g) = g**2 + 13*g - 10. Let w be h(-14). What is the highest common divisor of w and p?
4
Let o(s) = -s**3 + 5*s**2 + 12*s + 34. Let i be o(-5). What is the highest common factor of i and 64?
32
Let z(w) = -2*w + 29. Let r be z(13). Suppose n - 12 = r*g + g, 0 = -4*n + 4*g + 48. Calculate the highest common factor of 60 and n.
12
Let y(l) = 3*l + 3. Let t be y(9). What is the highest common divisor of t and 135?
15
Let n(g) = -66*g**3 - 2*g**2 - g + 1. Let h be n(-1). Let x be (4 + -3)/((-1)/(-3)). Let l be (-45)/10*(-4)/x. What is the highest common divisor of l and h?
6
Let k(r) = r**2 - 2*r + 3. Let v be k(6). Let f be 29*39*(